0. Let t be (q/9)/((-2)/(-3)). Calculate the greatest common factor of t and 11.
11
Let b(m) = -7*m - 10. Let k be b(0). Let l(p) = p + 24. Let c be l(k). What is the highest common factor of c and 2?
2
Let b = 4 + -2. Let z(v) = 5*v + 38. Let p be z(-7). Let o be -66*(-11)/22*2/p. What is the highest common divisor of o and b?
2
Suppose 0 = -i - 0*i + 6. Suppose 455 = b + i*b. Calculate the greatest common divisor of b and 26.
13
Suppose -w - 40 = -6*w. Suppose -5*j - 12 = w, -3*j + 138 = 5*b. Calculate the highest common factor of b and 150.
30
Let u = 53 + -14. Suppose -5*n - f + 253 = -4*f, 0 = -2*n + 2*f + 102. Let g = 76 - n. What is the highest common divisor of g and u?
13
Let d(h) = 7 - 1 + 5*h + h. Let l be d(5). Suppose -5*a + 5*m + 45 = m, -4*a + m + l = 0. Calculate the highest common divisor of 18 and a.
9
Suppose -6*d - 793 = -919. Calculate the greatest common factor of 91 and d.
7
Suppose -74*l + 6247 = -14621. What is the greatest common divisor of 18 and l?
6
Suppose -4*v = l - 9*v - 3, 96 = 5*l + 2*v. Let s = l - 24. Let p(g) = -g**3 + 5*g + 1. Let w be p(s). Calculate the highest common divisor of 17 and w.
17
Let r = 23 + 29. What is the highest common divisor of 156 and r?
52
Let s be (-14*(-100)/560)/((-2)/(-4)). What is the greatest common factor of s and 60?
5
Let j(v) = 74*v - 6. Let z be 2 + (50/(-70) - (-4)/(-14)). Let a be j(z). Calculate the highest common factor of a and 51.
17
Let r = -6 + 2. Let g be (r + 0 + 0)/(-2). Let z(w) = w**2 + 5*w + 18. Let i be z(-4). Calculate the highest common factor of g and i.
2
Let x be 0 - (0 + -3 - 1). Let o(n) = 60*n + 808. Let t be o(-12). What is the highest common divisor of t and x?
4
Let j be (-45 + (3 - 2))/(-2). Suppose 5*b + 59 = 169. Calculate the highest common factor of b and j.
22
Let u = -55 + 61. What is the highest common factor of 96 and u?
6
Let p be ((-96)/(-10))/(((-98)/105)/(-7)). Let i be 50/6 + 1/(-3). Calculate the greatest common divisor of p and i.
8
Suppose 3*y + 9 = -0, 4*y + 36 = 2*l. Let n(c) = -2*c**2 + 27*c - 1. Let p be n(l). Calculate the highest common divisor of 280 and p.
35
Suppose -2*t - 2*t = -1520. Suppose -t = -0*d - 5*d. Calculate the highest common divisor of d and 190.
38
Suppose 0 = 1252*x - 1257*x + 80. Calculate the greatest common factor of x and 32.
16
Let t be ((-11)/(-2))/11*218. Suppose -11*s = -t - 2091. Calculate the highest common divisor of 20 and s.
20
Let y be 7 + 204/(-28) - (-2459)/7. What is the greatest common divisor of 27 and y?
27
Let l(d) = 41*d + 4*d**3 - 13*d**2 - 16*d + 11 - 3*d**3. Let t be l(11). Suppose 2*b + 16 = 6*b. What is the greatest common factor of t and b?
4
Suppose 239 + 281 = 26*u. What is the highest common factor of u and 500?
20
Let i = -29 + 49. Let b = 38 - i. Let a be (-9)/b - 43/(-2). Calculate the greatest common factor of 14 and a.
7
Let t be (-2)/7 - 48/(-21). Let f be (-12)/t*140/(-6). Calculate the greatest common divisor of 56 and f.
28
Let t(g) = -9*g + 82. Let r be t(6). What is the highest common divisor of r and 8?
4
Let z = 7 - 3. Suppose r - z*r = -9. Let a be -1 + (1 - r)*-1. What is the highest common divisor of a and 11?
1
Let q be (6/4)/(19/2660). What is the greatest common divisor of 42 and q?
42
Suppose -4*z + 6*b - 3*b + 615 = 0, -z + 150 = 3*b. Calculate the highest common divisor of z and 17.
17
Suppose 16*l - 122 = 310. Calculate the greatest common divisor of 27 and l.
27
Suppose -64*k + 143836 = -75044. What is the greatest common divisor of 45 and k?
45
Let z = -144 + 132. Let i be (-33)/(52/z - -4). Calculate the greatest common factor of i and 66.
33
Let d(q) = 14*q**2 + 13*q - 78. Let k be d(6). Calculate the highest common divisor of k and 42.
42
Let m(f) = -2*f**3 + 2*f**2 + 4*f - 6. Let d be m(-3). What is the highest common factor of 216 and d?
54
Suppose -4*b - y = -124, 4*y - y - 72 = -2*b. Calculate the greatest common factor of 250 and b.
10
Suppose 5*u - 5*j = 4 + 6, 0 = 3*u - 5*j - 4. Let o be (-15)/(10/((-30)/9)). Calculate the highest common divisor of u and o.
1
Let z(p) = p**2 - 4. Let h be z(2). Suppose h = k + 4*v - 3*v - 5, -k + 10 = -4*v. What is the greatest common divisor of 66 and k?
6
Suppose 66 - 75 = -3*k. Suppose 0 = -3*j + k*c + 21, -5*j - c + 11 + 6 = 0. Calculate the highest common divisor of j and 2.
2
Let i(z) = 13*z**2 + 2*z - 3. Let p be i(1). Calculate the greatest common factor of 76 and p.
4
Suppose 4*b - 10 - 6 = 5*a, -8 = -2*b - 2*a. Calculate the greatest common factor of 28 and b.
4
Let x be (73 - 3)/2*3. Let t(w) = 3*w - 84. Let y(j) = -2*j + 42. Let h(r) = -3*t(r) - 5*y(r). Let p be h(0). What is the highest common divisor of x and p?
21
Let g(z) = -z - 2. Let t be g(-5). Suppose -153 + 2448 = 9*y. Let v = y - 252. What is the highest common factor of t and v?
3
Suppose 5*f - 5*p - 12 = 188, -60 = -f + 5*p. Calculate the highest common factor of 49 and f.
7
Let c = 95 + -88. Let p = 21 - c. Calculate the highest common divisor of 28 and p.
14
Suppose -212 = -2*o + 3*y, 167 - 595 = -4*o + 5*y. What is the greatest common divisor of 56 and o?
56
Let p = 382 - 374. Let f be 1*4*(1 - -1). What is the highest common divisor of f and p?
8
Suppose -6*a + 22260 = 24*a. Calculate the greatest common divisor of a and 14.
14
Let w be -10 - -14 - (2 + -25). Calculate the greatest common factor of w and 3456.
27
Suppose 589 = 4*m - 5*a, -12*m + a - 418 = -15*m. What is the highest common factor of 1081 and m?
47
Suppose -34*l + 35*l + 5*r = 65, -2*l + 5*r + 70 = 0. Calculate the greatest common factor of l and 27.
9
Let n(z) = 11*z - 189. Let k be n(27). What is the highest common divisor of k and 702?
54
Let f = -106 - -112. Suppose 2*g - 8 = -2*g. Suppose -g*x + 92 = 5*j - 3*j, 3*j - 118 = 2*x. Calculate the greatest common divisor of j and f.
6
Suppose 0 = d + 2*u - 374, 6*d - 1501 = 2*d - 3*u. Calculate the highest common factor of 94 and d.
94
Suppose 132 = 10*g - 198. What is the greatest common divisor of 627 and g?
33
Let g be (65*1)/(2 - 1). Suppose 3*p - 2*k = k + 39, 5*k + 52 = 4*p. Calculate the highest common divisor of g and p.
13
Let i be 0*1/3 + 2. Let u be (5/i)/(2/4). Suppose -4*m - 5*f + 24 = 0, 3*m - u*f = -2*m - 15. Calculate the highest common divisor of 1 and m.
1
Suppose -117 = -3*u - 3*a - 0*a, 5*a - 159 = -4*u. Calculate the highest common factor of 372 and u.
12
Let u be (-3)/(-3) + 0 + 1. Let r = -685 + 687. What is the greatest common divisor of u and r?
2
Suppose l + 2*l + 3*q + 12 = 0, 4*l - q = -31. Let v(b) = -b + 16. Let c be v(l). Calculate the highest common divisor of 161 and c.
23
Let x(v) = v**2 + 8*v + 6. Let w be -7*(-2)/4*-2. Let r be x(w). Let h be (-3 + 1 - r)*-18. Calculate the highest common factor of h and 9.
9
Let w(j) = -j**3 - 20*j**2 - 39*j - 50. Let u be w(-18). Calculate the greatest common factor of 29 and u.
1
Let m be 12 + ((-102)/(-34))/(1/(-2)). Let t = -75 + 153. Let n = -24 + t. What is the highest common factor of m and n?
6
Let j be -6 + 6 + -69*(-24)/9. Calculate the highest common factor of j and 230.
46
Suppose t = -4*q + 98, 2*t - 5*q - 82 = 88. Suppose -4*r = r - t. Let m(j) = -16*j + 4. Let n be m(-2). What is the highest common factor of r and n?
18
Let n = -6 + 26. Suppose -n*f = -22*f. Suppose f*b + b = 55. Calculate the highest common factor of b and 11.
11
Let c(m) = m + 4. Let b be c(-2). Suppose -b*z - 16 = -d - z, -4*z - 4 = d. Suppose -7 - 23 = -v. What is the highest common factor of v and d?
6
Let b = 53 + -30. Let o be 7 - (-189)/(-28) - 4750/(-8). Let n be 28/182 - o/(-26). What is the greatest common factor of n and b?
23
Let v be (14/(-8) - 0)/(100/(-55200)). What is the highest common divisor of 14 and v?
14
Suppose -3*s + 90 = 27. Suppose u = -s - 10. Let k = u - -44. What is the highest common factor of k and 117?
13
Let a = 20 + -17. Suppose 4*i - a*x = 20, -5*x - 14 = -i + 8. Suppose -i*f - 2*j + 8 = 0, -7 = -4*j + 1. Calculate the highest common divisor of 5 and f.
1
Let i(y) = 322*y**3 + 5*y**2 - 6*y + 1. Let u be i(1). What is the greatest common factor of 46 and u?
46
Let x(t) = -t**2 - 21*t - 35. Let o(a) = -a**2 - 13*a - 29. Let m be o(-12). Let d be x(m). What is the highest common divisor of d and 3?
3
Let g(v) = v**3 - 5*v**2 - 2*